{"id":3424,"date":"2023-07-11T11:27:39","date_gmt":"2023-07-11T09:27:39","guid":{"rendered":"https:\/\/maison-proprietaires-chamrousse.com\/?page_id=3424"},"modified":"2023-08-01T11:59:06","modified_gmt":"2023-08-01T09:59:06","slug":"professionnels-rge","status":"publish","type":"page","link":"https:\/\/maison-proprietaires-chamrousse.com\/index.php\/maison-proprietaires-chamrousse\/je-renove-ou-souhaite-renover-mon-bien\/je-renove-mon-appartement-seul\/professionnels-rge\/","title":{"rendered":"Professionnels RGE"},"content":{"rendered":"\t\t<div data-elementor-type=\"wp-page\" data-elementor-id=\"3424\" class=\"elementor elementor-3424\">\n\t\t\t\t\t\t<section class=\"elementor-section elementor-top-section elementor-element elementor-element-0575b73 elementor-section-boxed elementor-section-height-default elementor-section-height-default\" data-id=\"0575b73\" data-element_type=\"section\" data-e-type=\"section\">\n\t\t\t\t\t\t<div class=\"elementor-container elementor-column-gap-default\">\n\t\t\t\t\t<div class=\"elementor-column elementor-col-100 elementor-top-column elementor-element elementor-element-507d0f9\" data-id=\"507d0f9\" data-element_type=\"column\" data-e-type=\"column\">\n\t\t\t<div class=\"elementor-widget-wrap elementor-element-populated\">\n\t\t\t\t\t\t<div class=\"elementor-element elementor-element-b5b32b1 elementor-widget elementor-widget-heading\" data-id=\"b5b32b1\" data-element_type=\"widget\" data-e-type=\"widget\" data-widget_type=\"heading.default\">\n\t\t\t\t<div class=\"elementor-widget-container\">\n\t\t\t\t\t<h2 class=\"elementor-heading-title elementor-size-xl\">Professionnels Reconnus Garants de l'Environnement (RGE)<\/h2>\t\t\t\t<\/div>\n\t\t\t\t<\/div>\n\t\t\t\t\t<\/div>\n\t\t<\/div>\n\t\t\t\t\t<\/div>\n\t\t<\/section>\n\t\t\t\t<section class=\"elementor-section elementor-top-section elementor-element elementor-element-003eb5f elementor-section-boxed elementor-section-height-default elementor-section-height-default\" data-id=\"003eb5f\" data-element_type=\"section\" data-e-type=\"section\">\n\t\t\t\t\t\t<div class=\"elementor-container elementor-column-gap-default\">\n\t\t\t\t\t<div class=\"elementor-column elementor-col-100 elementor-top-column elementor-element elementor-element-1e80415\" data-id=\"1e80415\" data-element_type=\"column\" data-e-type=\"column\">\n\t\t\t<div class=\"elementor-widget-wrap elementor-element-populated\">\n\t\t\t\t\t\t<section class=\"elementor-section elementor-inner-section elementor-element elementor-element-16a9e9d elementor-section-boxed elementor-section-height-default elementor-section-height-default\" data-id=\"16a9e9d\" data-element_type=\"section\" data-e-type=\"section\">\n\t\t\t\t\t\t<div class=\"elementor-container elementor-column-gap-default\">\n\t\t\t\t\t<div class=\"elementor-column elementor-col-50 elementor-inner-column elementor-element elementor-element-6d9ec33\" data-id=\"6d9ec33\" data-element_type=\"column\" data-e-type=\"column\">\n\t\t\t<div class=\"elementor-widget-wrap elementor-element-populated\">\n\t\t\t\t\t\t<div class=\"elementor-element elementor-element-57cab56 elementor-widget elementor-widget-image\" data-id=\"57cab56\" data-element_type=\"widget\" data-e-type=\"widget\" data-widget_type=\"image.default\">\n\t\t\t\t<div class=\"elementor-widget-container\">\n\t\t\t\t\t\t\t\t\t\t\t\t\t\t\t<img fetchpriority=\"high\" decoding=\"async\" width=\"525\" height=\"787\" src=\"https:\/\/maison-proprietaires-chamrousse.com\/wp-content\/uploads\/2022\/11\/worker-is-cutting-wires-with-lineman-s-pliers_pvpproductions_Web-683x1024.jpg\" class=\"attachment-large size-large wp-image-659\" alt=\"\" srcset=\"https:\/\/maison-proprietaires-chamrousse.com\/wp-content\/uploads\/2022\/11\/worker-is-cutting-wires-with-lineman-s-pliers_pvpproductions_Web-683x1024.jpg 683w, https:\/\/maison-proprietaires-chamrousse.com\/wp-content\/uploads\/2022\/11\/worker-is-cutting-wires-with-lineman-s-pliers_pvpproductions_Web-200x300.jpg 200w, https:\/\/maison-proprietaires-chamrousse.com\/wp-content\/uploads\/2022\/11\/worker-is-cutting-wires-with-lineman-s-pliers_pvpproductions_Web-768x1152.jpg 768w, https:\/\/maison-proprietaires-chamrousse.com\/wp-content\/uploads\/2022\/11\/worker-is-cutting-wires-with-lineman-s-pliers_pvpproductions_Web-1024x1536.jpg 1024w, https:\/\/maison-proprietaires-chamrousse.com\/wp-content\/uploads\/2022\/11\/worker-is-cutting-wires-with-lineman-s-pliers_pvpproductions_Web-1365x2048.jpg 1365w, https:\/\/maison-proprietaires-chamrousse.com\/wp-content\/uploads\/2022\/11\/worker-is-cutting-wires-with-lineman-s-pliers_pvpproductions_Web-scaled.jpg 1707w\" sizes=\"100vw\" \/>\t\t\t\t\t\t\t\t\t\t\t\t\t\t\t<\/div>\n\t\t\t\t<\/div>\n\t\t\t\t\t<\/div>\n\t\t<\/div>\n\t\t\t\t<div class=\"elementor-column elementor-col-50 elementor-inner-column elementor-element elementor-element-40a0b85\" data-id=\"40a0b85\" data-element_type=\"column\" data-e-type=\"column\">\n\t\t\t<div class=\"elementor-widget-wrap elementor-element-populated\">\n\t\t\t\t\t\t<div class=\"elementor-element elementor-element-5469ae5 elementor-widget elementor-widget-text-editor\" data-id=\"5469ae5\" data-element_type=\"widget\" data-e-type=\"widget\" data-widget_type=\"text-editor.default\">\n\t\t\t\t<div class=\"elementor-widget-container\">\n\t\t\t\t\t\t\t\t\t<p><strong>Travailler avec des artisans de qualit\u00e9 garanti une r\u00e9novation r\u00e9ussie et performante.<\/strong><\/p><p>V\u00e9rifiez les qualifications et certifications des professionnels (RGE, Qualibat, etc&#8230;) ces derniers ont suivi une formation et s\u2019engagent \u00e0 respecter une charte de qualit\u00e9. Cela pourra vous \u00e9viter toute d\u00e9convenue avec des professionnels aux m\u00e9thodes non conformes \u00e0 la r\u00e9glementation en vigueur.<\/p><p><strong>Pensez \u00e0 demander plusieurs devis \u00e0 diff\u00e9rentes entreprises pour pouvoir comparer (<span style=\"text-decoration: underline;\"><a href=\"https:\/\/maison-proprietaires-chamrousse.com\/index.php\/maison-proprietaires-chamrousse\/la-biblio-du-proprio\/biblio-renovation-2\/\" target=\"_blank\" rel=\"noopener\">Biblio<\/a> \u00ab Aide au choix du devis \u00bb<\/span>)<\/strong><\/p><h2>Qu\u2019est-ce qu\u2019un artisan RGE\u00a0?<\/h2><p><strong>La mention\u00a0RGE \u00ab\u00a0Reconnu Garant de l&rsquo;Environnement\u00a0\u00bb est une reconnaissance accord\u00e9e par les pouvoirs publics et l&rsquo;ADEME \u00e0 des professionnels du secteur du b\u00e2timent et des \u00e9nergies renouvelables engag\u00e9s dans une d\u00e9marche de qualit\u00e9.<\/strong><\/p><p>La mention pr\u00e9sente trois avantages :<br \/>&#8211; <strong>La q<\/strong><span style=\"font-size: 1rem;\"><strong>ualit\u00e9<\/strong> : elle permet aux particuliers et aux ma\u00eetres d\u2019ouvrage d&rsquo;identifier les professionnels les plus comp\u00e9tents\u00a0;<br \/><\/span><span style=\"font-size: 1rem;\">&#8211; <strong>La formation<\/strong> : elle donne la possibilit\u00e9 aux professionnels de se former \u00e0 la r\u00e9novation \u00e9nerg\u00e9tique ;<br \/><\/span>&#8211; <strong>Le financement<\/strong> : avoir la mention RGE est une condition pour obtenir les aides publiques allou\u00e9es aux travaux de performance \u00e9nerg\u00e9tique.<\/p><p><a href=\"https:\/\/data.ademe.fr\/applications\/carte-des-entreprises-rge\" target=\"_blank\" rel=\"noopener\"><strong><span style=\"text-decoration: underline;\">Carte des entreprises RGE (Open Data ADEME)<\/span><\/strong><\/a><\/p>\t\t\t\t\t\t\t\t<\/div>\n\t\t\t\t<\/div>\n\t\t\t\t\t<\/div>\n\t\t<\/div>\n\t\t\t\t\t<\/div>\n\t\t<\/section>\n\t\t\t\t\t<\/div>\n\t\t<\/div>\n\t\t\t\t\t<\/div>\n\t\t<\/section>\n\t\t\t\t<\/div>\n\t\t","protected":false},"excerpt":{"rendered":"<p>Professionnels Reconnus Garants de l&rsquo;Environnement (RGE) Travailler avec des artisans de qualit\u00e9 garanti une r\u00e9novation r\u00e9ussie et performante. V\u00e9rifiez les qualifications et certifications des professionnels (RGE, Qualibat, etc&#8230;) ces derniers ont suivi une formation et s\u2019engagent \u00e0 respecter une charte de qualit\u00e9. Cela pourra vous \u00e9viter toute d\u00e9convenue avec des professionnels aux m\u00e9thodes non conformes &hellip; <\/p>\n<p class=\"link-more\"><a href=\"https:\/\/maison-proprietaires-chamrousse.com\/index.php\/maison-proprietaires-chamrousse\/je-renove-ou-souhaite-renover-mon-bien\/je-renove-mon-appartement-seul\/professionnels-rge\/\" class=\"more-link\">Continuer la lecture<span class=\"screen-reader-text\"> de &laquo;&nbsp;Professionnels RGE&nbsp;&raquo;<\/span><\/a><\/p>\n","protected":false},"author":1,"featured_media":0,"parent":725,"menu_order":2,"comment_status":"closed","ping_status":"closed","template":"elementor_header_footer","meta":{"_monsterinsights_skip_tracking":false,"_monsterinsights_sitenote_active":false,"_monsterinsights_sitenote_note":"","_monsterinsights_sitenote_category":0,"footnotes":""},"class_list":["post-3424","page","type-page","status-publish","hentry"],"yoast_head":"<!-- This site is optimized with the Yoast SEO plugin v27.4 - https:\/\/yoast.com\/product\/yoast-seo-wordpress\/ -->\n<title>Professionnels RGE - Maison des Propri\u00e9taires<\/title>\n<meta name=\"robots\" content=\"index, follow, max-snippet:-1, max-image-preview:large, max-video-preview:-1\" \/>\n<link rel=\"canonical\" href=\"https:\/\/maison-proprietaires-chamrousse.com\/index.php\/maison-proprietaires-chamrousse\/je-renove-ou-souhaite-renover-mon-bien\/je-renove-mon-appartement-seul\/professionnels-rge\/\" \/>\n<meta property=\"og:locale\" content=\"fr_FR\" \/>\n<meta property=\"og:type\" content=\"article\" \/>\n<meta property=\"og:title\" content=\"Professionnels RGE - Maison des Propri\u00e9taires\" \/>\n<meta property=\"og:description\" content=\"Professionnels Reconnus Garants de l&rsquo;Environnement (RGE) Travailler avec des artisans de qualit\u00e9 garanti une r\u00e9novation r\u00e9ussie et performante. V\u00e9rifiez les qualifications et certifications des professionnels (RGE, Qualibat, etc&#8230;) ces derniers ont suivi une formation et s\u2019engagent \u00e0 respecter une charte de qualit\u00e9. Cela pourra vous \u00e9viter toute d\u00e9convenue avec des professionnels aux m\u00e9thodes non conformes &hellip; Continuer la lecture de &laquo;&nbsp;Professionnels RGE&nbsp;&raquo;\" \/>\n<meta property=\"og:url\" content=\"https:\/\/maison-proprietaires-chamrousse.com\/index.php\/maison-proprietaires-chamrousse\/je-renove-ou-souhaite-renover-mon-bien\/je-renove-mon-appartement-seul\/professionnels-rge\/\" \/>\n<meta property=\"og:site_name\" content=\"Maison des Propri\u00e9taires\" \/>\n<meta property=\"article:modified_time\" content=\"2023-08-01T09:59:06+00:00\" \/>\n<meta property=\"og:image\" content=\"http:\/\/maison-proprietaires-chamrousse.com\/wp-content\/uploads\/2022\/11\/worker-is-cutting-wires-with-lineman-s-pliers_pvpproductions_Web-683x1024.jpg\" \/>\n<meta name=\"twitter:card\" content=\"summary_large_image\" \/>\n<script type=\"application\/ld+json\" class=\"yoast-schema-graph\">{\"@context\":\"https:\\\/\\\/schema.org\",\"@graph\":[{\"@type\":\"WebPage\",\"@id\":\"https:\\\/\\\/maison-proprietaires-chamrousse.com\\\/index.php\\\/maison-proprietaires-chamrousse\\\/je-renove-ou-souhaite-renover-mon-bien\\\/je-renove-mon-appartement-seul\\\/professionnels-rge\\\/\",\"url\":\"https:\\\/\\\/maison-proprietaires-chamrousse.com\\\/index.php\\\/maison-proprietaires-chamrousse\\\/je-renove-ou-souhaite-renover-mon-bien\\\/je-renove-mon-appartement-seul\\\/professionnels-rge\\\/\",\"name\":\"Professionnels RGE - Maison des Propri\u00e9taires\",\"isPartOf\":{\"@id\":\"https:\\\/\\\/maison-proprietaires-chamrousse.com\\\/#website\"},\"primaryImageOfPage\":{\"@id\":\"https:\\\/\\\/maison-proprietaires-chamrousse.com\\\/index.php\\\/maison-proprietaires-chamrousse\\\/je-renove-ou-souhaite-renover-mon-bien\\\/je-renove-mon-appartement-seul\\\/professionnels-rge\\\/#primaryimage\"},\"image\":{\"@id\":\"https:\\\/\\\/maison-proprietaires-chamrousse.com\\\/index.php\\\/maison-proprietaires-chamrousse\\\/je-renove-ou-souhaite-renover-mon-bien\\\/je-renove-mon-appartement-seul\\\/professionnels-rge\\\/#primaryimage\"},\"thumbnailUrl\":\"http:\\\/\\\/maison-proprietaires-chamrousse.com\\\/wp-content\\\/uploads\\\/2022\\\/11\\\/worker-is-cutting-wires-with-lineman-s-pliers_pvpproductions_Web-683x1024.jpg\",\"datePublished\":\"2023-07-11T09:27:39+00:00\",\"dateModified\":\"2023-08-01T09:59:06+00:00\",\"breadcrumb\":{\"@id\":\"https:\\\/\\\/maison-proprietaires-chamrousse.com\\\/index.php\\\/maison-proprietaires-chamrousse\\\/je-renove-ou-souhaite-renover-mon-bien\\\/je-renove-mon-appartement-seul\\\/professionnels-rge\\\/#breadcrumb\"},\"inLanguage\":\"fr-FR\",\"potentialAction\":[{\"@type\":\"ReadAction\",\"target\":[\"https:\\\/\\\/maison-proprietaires-chamrousse.com\\\/index.php\\\/maison-proprietaires-chamrousse\\\/je-renove-ou-souhaite-renover-mon-bien\\\/je-renove-mon-appartement-seul\\\/professionnels-rge\\\/\"]}]},{\"@type\":\"ImageObject\",\"inLanguage\":\"fr-FR\",\"@id\":\"https:\\\/\\\/maison-proprietaires-chamrousse.com\\\/index.php\\\/maison-proprietaires-chamrousse\\\/je-renove-ou-souhaite-renover-mon-bien\\\/je-renove-mon-appartement-seul\\\/professionnels-rge\\\/#primaryimage\",\"url\":\"http:\\\/\\\/maison-proprietaires-chamrousse.com\\\/wp-content\\\/uploads\\\/2022\\\/11\\\/worker-is-cutting-wires-with-lineman-s-pliers_pvpproductions_Web-683x1024.jpg\",\"contentUrl\":\"http:\\\/\\\/maison-proprietaires-chamrousse.com\\\/wp-content\\\/uploads\\\/2022\\\/11\\\/worker-is-cutting-wires-with-lineman-s-pliers_pvpproductions_Web-683x1024.jpg\"},{\"@type\":\"BreadcrumbList\",\"@id\":\"https:\\\/\\\/maison-proprietaires-chamrousse.com\\\/index.php\\\/maison-proprietaires-chamrousse\\\/je-renove-ou-souhaite-renover-mon-bien\\\/je-renove-mon-appartement-seul\\\/professionnels-rge\\\/#breadcrumb\",\"itemListElement\":[{\"@type\":\"ListItem\",\"position\":1,\"name\":\"Accueil\",\"item\":\"https:\\\/\\\/maison-proprietaires-chamrousse.com\\\/\"},{\"@type\":\"ListItem\",\"position\":2,\"name\":\"Maison des propri\u00e9taires\",\"item\":\"https:\\\/\\\/maison-proprietaires-chamrousse.com\\\/\"},{\"@type\":\"ListItem\",\"position\":3,\"name\":\"Je r\u00e9nove ou souhaite r\u00e9nover mon bien\",\"item\":\"https:\\\/\\\/maison-proprietaires-chamrousse.com\\\/index.php\\\/maison-proprietaires-chamrousse\\\/je-renove-ou-souhaite-renover-mon-bien\\\/\"},{\"@type\":\"ListItem\",\"position\":4,\"name\":\"Je r\u00e9nove mon appartement seul\",\"item\":\"https:\\\/\\\/maison-proprietaires-chamrousse.com\\\/index.php\\\/maison-proprietaires-chamrousse\\\/je-renove-ou-souhaite-renover-mon-bien\\\/je-renove-mon-appartement-seul\\\/\"},{\"@type\":\"ListItem\",\"position\":5,\"name\":\"Professionnels RGE\"}]},{\"@type\":\"WebSite\",\"@id\":\"https:\\\/\\\/maison-proprietaires-chamrousse.com\\\/#website\",\"url\":\"https:\\\/\\\/maison-proprietaires-chamrousse.com\\\/\",\"name\":\"Maison des Propri\u00e9taires\",\"description\":\"Informations, conseils, actualit\u00e9s\",\"publisher\":{\"@id\":\"https:\\\/\\\/maison-proprietaires-chamrousse.com\\\/#organization\"},\"potentialAction\":[{\"@type\":\"SearchAction\",\"target\":{\"@type\":\"EntryPoint\",\"urlTemplate\":\"https:\\\/\\\/maison-proprietaires-chamrousse.com\\\/?s={search_term_string}\"},\"query-input\":{\"@type\":\"PropertyValueSpecification\",\"valueRequired\":true,\"valueName\":\"search_term_string\"}}],\"inLanguage\":\"fr-FR\"},{\"@type\":\"Organization\",\"@id\":\"https:\\\/\\\/maison-proprietaires-chamrousse.com\\\/#organization\",\"name\":\"Maison des Propri\u00e9taires\",\"url\":\"https:\\\/\\\/maison-proprietaires-chamrousse.com\\\/\",\"logo\":{\"@type\":\"ImageObject\",\"inLanguage\":\"fr-FR\",\"@id\":\"https:\\\/\\\/maison-proprietaires-chamrousse.com\\\/#\\\/schema\\\/logo\\\/image\\\/\",\"url\":\"https:\\\/\\\/maison-proprietaires-chamrousse.com\\\/wp-content\\\/uploads\\\/2023\\\/01\\\/cropped-LOGO_CHAMROUSSE_noir_web.png\",\"contentUrl\":\"https:\\\/\\\/maison-proprietaires-chamrousse.com\\\/wp-content\\\/uploads\\\/2023\\\/01\\\/cropped-LOGO_CHAMROUSSE_noir_web.png\",\"width\":1218,\"height\":250,\"caption\":\"Maison des Propri\u00e9taires\"},\"image\":{\"@id\":\"https:\\\/\\\/maison-proprietaires-chamrousse.com\\\/#\\\/schema\\\/logo\\\/image\\\/\"}}]}<\/script>\n<!-- \/ Yoast SEO plugin. -->","yoast_head_json":{"title":"Professionnels RGE - Maison des Propri\u00e9taires","robots":{"index":"index","follow":"follow","max-snippet":"max-snippet:-1","max-image-preview":"max-image-preview:large","max-video-preview":"max-video-preview:-1"},"canonical":"https:\/\/maison-proprietaires-chamrousse.com\/index.php\/maison-proprietaires-chamrousse\/je-renove-ou-souhaite-renover-mon-bien\/je-renove-mon-appartement-seul\/professionnels-rge\/","og_locale":"fr_FR","og_type":"article","og_title":"Professionnels RGE - Maison des Propri\u00e9taires","og_description":"Professionnels Reconnus Garants de l&rsquo;Environnement (RGE) Travailler avec des artisans de qualit\u00e9 garanti une r\u00e9novation r\u00e9ussie et performante. V\u00e9rifiez les qualifications et certifications des professionnels (RGE, Qualibat, etc&#8230;) ces derniers ont suivi une formation et s\u2019engagent \u00e0 respecter une charte de qualit\u00e9. Cela pourra vous \u00e9viter toute d\u00e9convenue avec des professionnels aux m\u00e9thodes non conformes &hellip; Continuer la lecture de &laquo;&nbsp;Professionnels RGE&nbsp;&raquo;","og_url":"https:\/\/maison-proprietaires-chamrousse.com\/index.php\/maison-proprietaires-chamrousse\/je-renove-ou-souhaite-renover-mon-bien\/je-renove-mon-appartement-seul\/professionnels-rge\/","og_site_name":"Maison des Propri\u00e9taires","article_modified_time":"2023-08-01T09:59:06+00:00","og_image":[{"url":"http:\/\/maison-proprietaires-chamrousse.com\/wp-content\/uploads\/2022\/11\/worker-is-cutting-wires-with-lineman-s-pliers_pvpproductions_Web-683x1024.jpg","type":"","width":"","height":""}],"twitter_card":"summary_large_image","schema":{"@context":"https:\/\/schema.org","@graph":[{"@type":"WebPage","@id":"https:\/\/maison-proprietaires-chamrousse.com\/index.php\/maison-proprietaires-chamrousse\/je-renove-ou-souhaite-renover-mon-bien\/je-renove-mon-appartement-seul\/professionnels-rge\/","url":"https:\/\/maison-proprietaires-chamrousse.com\/index.php\/maison-proprietaires-chamrousse\/je-renove-ou-souhaite-renover-mon-bien\/je-renove-mon-appartement-seul\/professionnels-rge\/","name":"Professionnels RGE - Maison des Propri\u00e9taires","isPartOf":{"@id":"https:\/\/maison-proprietaires-chamrousse.com\/#website"},"primaryImageOfPage":{"@id":"https:\/\/maison-proprietaires-chamrousse.com\/index.php\/maison-proprietaires-chamrousse\/je-renove-ou-souhaite-renover-mon-bien\/je-renove-mon-appartement-seul\/professionnels-rge\/#primaryimage"},"image":{"@id":"https:\/\/maison-proprietaires-chamrousse.com\/index.php\/maison-proprietaires-chamrousse\/je-renove-ou-souhaite-renover-mon-bien\/je-renove-mon-appartement-seul\/professionnels-rge\/#primaryimage"},"thumbnailUrl":"http:\/\/maison-proprietaires-chamrousse.com\/wp-content\/uploads\/2022\/11\/worker-is-cutting-wires-with-lineman-s-pliers_pvpproductions_Web-683x1024.jpg","datePublished":"2023-07-11T09:27:39+00:00","dateModified":"2023-08-01T09:59:06+00:00","breadcrumb":{"@id":"https:\/\/maison-proprietaires-chamrousse.com\/index.php\/maison-proprietaires-chamrousse\/je-renove-ou-souhaite-renover-mon-bien\/je-renove-mon-appartement-seul\/professionnels-rge\/#breadcrumb"},"inLanguage":"fr-FR","potentialAction":[{"@type":"ReadAction","target":["https:\/\/maison-proprietaires-chamrousse.com\/index.php\/maison-proprietaires-chamrousse\/je-renove-ou-souhaite-renover-mon-bien\/je-renove-mon-appartement-seul\/professionnels-rge\/"]}]},{"@type":"ImageObject","inLanguage":"fr-FR","@id":"https:\/\/maison-proprietaires-chamrousse.com\/index.php\/maison-proprietaires-chamrousse\/je-renove-ou-souhaite-renover-mon-bien\/je-renove-mon-appartement-seul\/professionnels-rge\/#primaryimage","url":"http:\/\/maison-proprietaires-chamrousse.com\/wp-content\/uploads\/2022\/11\/worker-is-cutting-wires-with-lineman-s-pliers_pvpproductions_Web-683x1024.jpg","contentUrl":"http:\/\/maison-proprietaires-chamrousse.com\/wp-content\/uploads\/2022\/11\/worker-is-cutting-wires-with-lineman-s-pliers_pvpproductions_Web-683x1024.jpg"},{"@type":"BreadcrumbList","@id":"https:\/\/maison-proprietaires-chamrousse.com\/index.php\/maison-proprietaires-chamrousse\/je-renove-ou-souhaite-renover-mon-bien\/je-renove-mon-appartement-seul\/professionnels-rge\/#breadcrumb","itemListElement":[{"@type":"ListItem","position":1,"name":"Accueil","item":"https:\/\/maison-proprietaires-chamrousse.com\/"},{"@type":"ListItem","position":2,"name":"Maison des propri\u00e9taires","item":"https:\/\/maison-proprietaires-chamrousse.com\/"},{"@type":"ListItem","position":3,"name":"Je r\u00e9nove ou souhaite r\u00e9nover mon bien","item":"https:\/\/maison-proprietaires-chamrousse.com\/index.php\/maison-proprietaires-chamrousse\/je-renove-ou-souhaite-renover-mon-bien\/"},{"@type":"ListItem","position":4,"name":"Je r\u00e9nove mon appartement seul","item":"https:\/\/maison-proprietaires-chamrousse.com\/index.php\/maison-proprietaires-chamrousse\/je-renove-ou-souhaite-renover-mon-bien\/je-renove-mon-appartement-seul\/"},{"@type":"ListItem","position":5,"name":"Professionnels RGE"}]},{"@type":"WebSite","@id":"https:\/\/maison-proprietaires-chamrousse.com\/#website","url":"https:\/\/maison-proprietaires-chamrousse.com\/","name":"Maison des Propri\u00e9taires","description":"Informations, conseils, actualit\u00e9s","publisher":{"@id":"https:\/\/maison-proprietaires-chamrousse.com\/#organization"},"potentialAction":[{"@type":"SearchAction","target":{"@type":"EntryPoint","urlTemplate":"https:\/\/maison-proprietaires-chamrousse.com\/?s={search_term_string}"},"query-input":{"@type":"PropertyValueSpecification","valueRequired":true,"valueName":"search_term_string"}}],"inLanguage":"fr-FR"},{"@type":"Organization","@id":"https:\/\/maison-proprietaires-chamrousse.com\/#organization","name":"Maison des Propri\u00e9taires","url":"https:\/\/maison-proprietaires-chamrousse.com\/","logo":{"@type":"ImageObject","inLanguage":"fr-FR","@id":"https:\/\/maison-proprietaires-chamrousse.com\/#\/schema\/logo\/image\/","url":"https:\/\/maison-proprietaires-chamrousse.com\/wp-content\/uploads\/2023\/01\/cropped-LOGO_CHAMROUSSE_noir_web.png","contentUrl":"https:\/\/maison-proprietaires-chamrousse.com\/wp-content\/uploads\/2023\/01\/cropped-LOGO_CHAMROUSSE_noir_web.png","width":1218,"height":250,"caption":"Maison des Propri\u00e9taires"},"image":{"@id":"https:\/\/maison-proprietaires-chamrousse.com\/#\/schema\/logo\/image\/"}}]}},"_links":{"self":[{"href":"https:\/\/maison-proprietaires-chamrousse.com\/index.php\/wp-json\/wp\/v2\/pages\/3424","targetHints":{"allow":["GET"]}}],"collection":[{"href":"https:\/\/maison-proprietaires-chamrousse.com\/index.php\/wp-json\/wp\/v2\/pages"}],"about":[{"href":"https:\/\/maison-proprietaires-chamrousse.com\/index.php\/wp-json\/wp\/v2\/types\/page"}],"author":[{"embeddable":true,"href":"https:\/\/maison-proprietaires-chamrousse.com\/index.php\/wp-json\/wp\/v2\/users\/1"}],"replies":[{"embeddable":true,"href":"https:\/\/maison-proprietaires-chamrousse.com\/index.php\/wp-json\/wp\/v2\/comments?post=3424"}],"version-history":[{"count":33,"href":"https:\/\/maison-proprietaires-chamrousse.com\/index.php\/wp-json\/wp\/v2\/pages\/3424\/revisions"}],"predecessor-version":[{"id":4545,"href":"https:\/\/maison-proprietaires-chamrousse.com\/index.php\/wp-json\/wp\/v2\/pages\/3424\/revisions\/4545"}],"up":[{"embeddable":true,"href":"https:\/\/maison-proprietaires-chamrousse.com\/index.php\/wp-json\/wp\/v2\/pages\/725"}],"wp:attachment":[{"href":"https:\/\/maison-proprietaires-chamrousse.com\/index.php\/wp-json\/wp\/v2\/media?parent=3424"}],"curies":[{"name":"wp","href":"https:\/\/api.w.org\/{rel}","templated":true}]}}