{"id":3910,"date":"2023-07-26T12:34:11","date_gmt":"2023-07-26T10:34:11","guid":{"rendered":"https:\/\/maison-proprietaires-chamrousse.com\/?page_id=3910"},"modified":"2023-08-02T15:06:36","modified_gmt":"2023-08-02T13:06:36","slug":"biblio-meuble-de-tourisme","status":"publish","type":"page","link":"https:\/\/maison-proprietaires-chamrousse.com\/index.php\/maison-proprietaires-chamrousse\/la-biblio-du-proprio\/biblio-meuble-de-tourisme\/","title":{"rendered":"Meubl\u00e9 de tourisme"},"content":{"rendered":"\t\t<div data-elementor-type=\"wp-page\" data-elementor-id=\"3910\" class=\"elementor elementor-3910\">\n\t\t\t\t\t\t<section class=\"elementor-section elementor-top-section elementor-element elementor-element-5124cc3 elementor-section-boxed elementor-section-height-default elementor-section-height-default\" data-id=\"5124cc3\" data-element_type=\"section\" data-e-type=\"section\">\n\t\t\t\t\t\t<div class=\"elementor-container elementor-column-gap-default\">\n\t\t\t\t\t<div class=\"elementor-column elementor-col-100 elementor-top-column elementor-element elementor-element-bb902f1\" data-id=\"bb902f1\" data-element_type=\"column\" data-e-type=\"column\">\n\t\t\t<div class=\"elementor-widget-wrap elementor-element-populated\">\n\t\t\t\t\t\t<div class=\"elementor-element elementor-element-6ecd78a elementor-widget elementor-widget-heading\" data-id=\"6ecd78a\" data-element_type=\"widget\" data-e-type=\"widget\" data-widget_type=\"heading.default\">\n\t\t\t\t<div class=\"elementor-widget-container\">\n\t\t\t\t\t<h2 class=\"elementor-heading-title elementor-size-xl\">Meubl\u00e9 de tourisme<\/h2>\t\t\t\t<\/div>\n\t\t\t\t<\/div>\n\t\t\t\t\t<\/div>\n\t\t<\/div>\n\t\t\t\t\t<\/div>\n\t\t<\/section>\n\t\t\t\t<section class=\"elementor-section elementor-top-section elementor-element elementor-element-4269b27 elementor-section-boxed elementor-section-height-default elementor-section-height-default\" data-id=\"4269b27\" data-element_type=\"section\" data-e-type=\"section\">\n\t\t\t\t\t\t<div class=\"elementor-container elementor-column-gap-default\">\n\t\t\t\t\t<div class=\"elementor-column elementor-col-100 elementor-top-column elementor-element elementor-element-43a7fb7\" data-id=\"43a7fb7\" data-element_type=\"column\" data-e-type=\"column\">\n\t\t\t<div class=\"elementor-widget-wrap elementor-element-populated\">\n\t\t\t\t\t\t<div class=\"elementor-element elementor-element-48e8735 elementor-widget elementor-widget-text-editor\" data-id=\"48e8735\" data-element_type=\"widget\" data-e-type=\"widget\" data-widget_type=\"text-editor.default\">\n\t\t\t\t<div class=\"elementor-widget-container\">\n\t\t\t\t\t\t\t\t\t<p><strong><span style=\"text-decoration: underline;\"><a href=\"https:\/\/www.impots.gouv.fr\/particulier\/les-regimes-dimposition\" target=\"_blank\" rel=\"noopener\">Les r\u00e9gimes d&rsquo;imposition du loueur<\/a><\/span><\/strong>\u00a0&#8211; <em>Direction G\u00e9n\u00e9rale des Finances Publiques<\/em><\/p><p><span style=\"text-decoration: underline;\"><a href=\"https:\/\/fr.calameo.com\/efl\/books\/0063239352877a7dd3924\" target=\"_blank\" rel=\"noopener\"><strong>Livre Blanc &#8211; R\u00e9gime Fiscal Des Locations Meubl\u00e9es Usage Habitation<\/strong><\/a><\/span>&#8211; <em>Editions Francis Lefebvre<\/em><\/p><p>En vid\u00e9o : <span style=\"text-decoration: underline;\"><a href=\"https:\/\/www.youtube.com\/watch?v=lNp7bir9Nm8\" target=\"_blank\" rel=\"noopener\">Loueur Meubl\u00e9 Non Professionnel : comment bien remplir le formulaire P0I ?<\/a><\/span> &#8211; <em>Tutoriel YouTube<\/em><\/p><p><strong>Classement et d\u00e9claration en mairie des meubl\u00e9s de tourisme<\/strong> &#8211; <em><span style=\"text-decoration: underline;\"><a href=\"https:\/\/www.legifrance.gouv.fr\/codes\/id\/LEGISCTA000006158462\/\" target=\"_blank\" rel=\"noopener\">Code du tourisme Articles L324-1 \u00e0 L324-2-1<\/a><\/span><\/em><\/p><p><strong>Obligations du bailleur et du locataire<\/strong> &#8211; <em><span style=\"text-decoration: underline;\"><a href=\"https:\/\/www.legifrance.gouv.fr\/codes\/section_lc\/LEGITEXT000006070721\/LEGISCTA000006150285\/\" target=\"_blank\" rel=\"noopener\">Code Civil Articles 1714 \u00e0 1751-1<\/a><\/span><\/em><\/p><p><strong>Sanction des fausses informations lors de la location saisonni\u00e8re<\/strong> &#8211; <em><span style=\"text-decoration: underline;\"><a href=\"https:\/\/www.legifrance.gouv.fr\/loda\/id\/JORFTEXT000000510191#:~:text=Sera%20punie%20d'une%20amende,des%20lieux%2C%20les%20%C3%A9l%C3%A9ments%20de\" target=\"_blank\" rel=\"noopener\">D\u00e9cret n\u00b067-128 du 14 f\u00e9vrier 1967 r\u00e9primant les renseignements inexacts en cas d&rsquo;offre ou de contrat de location saisonni\u00e8re en meubl\u00e9<\/a><\/span><\/em><\/p><p><a href=\"https:\/\/www.economie.gouv.fr\/particuliers\/taxe-sejour-tarifs#\" target=\"_blank\" rel=\"noopener\"><span style=\"text-decoration: underline;\"><strong>La taxe de s\u00e9jour, de quoi s\u2019agit-il ?<\/strong><\/span>\u00a0<\/a> <em>Minist\u00e8re de l&rsquo;\u00e9conomie des finances et de la souveraint\u00e9 industrielle et num\u00e9rique<\/em><\/p><p><em>\u00a0<\/em><\/p><p>\u00a0<\/p>\t\t\t\t\t\t\t\t<\/div>\n\t\t\t\t<\/div>\n\t\t\t\t\t<\/div>\n\t\t<\/div>\n\t\t\t\t\t<\/div>\n\t\t<\/section>\n\t\t\t\t<\/div>\n\t\t","protected":false},"excerpt":{"rendered":"<p>Meubl\u00e9 de tourisme Les r\u00e9gimes d&rsquo;imposition du loueur\u00a0&#8211; Direction G\u00e9n\u00e9rale des Finances Publiques Livre Blanc &#8211; R\u00e9gime Fiscal Des Locations Meubl\u00e9es Usage Habitation&#8211; Editions Francis Lefebvre En vid\u00e9o : Loueur Meubl\u00e9 Non Professionnel : comment bien remplir le formulaire P0I ? &#8211; Tutoriel YouTube Classement et d\u00e9claration en mairie des meubl\u00e9s de tourisme &#8211; Code &hellip; <\/p>\n<p class=\"link-more\"><a href=\"https:\/\/maison-proprietaires-chamrousse.com\/index.php\/maison-proprietaires-chamrousse\/la-biblio-du-proprio\/biblio-meuble-de-tourisme\/\" class=\"more-link\">Continuer la lecture<span class=\"screen-reader-text\"> de &laquo;&nbsp;Meubl\u00e9 de tourisme&nbsp;&raquo;<\/span><\/a><\/p>\n","protected":false},"author":1,"featured_media":0,"parent":729,"menu_order":2,"comment_status":"closed","ping_status":"closed","template":"elementor_header_footer","meta":{"_monsterinsights_skip_tracking":false,"_monsterinsights_sitenote_active":false,"_monsterinsights_sitenote_note":"","_monsterinsights_sitenote_category":0,"footnotes":""},"class_list":["post-3910","page","type-page","status-publish","hentry"],"yoast_head":"<!-- This site is optimized with the Yoast SEO plugin v27.4 - https:\/\/yoast.com\/product\/yoast-seo-wordpress\/ -->\n<title>Meubl\u00e9 de tourisme - Maison des Propri\u00e9taires<\/title>\n<meta name=\"robots\" content=\"index, follow, max-snippet:-1, max-image-preview:large, max-video-preview:-1\" \/>\n<link rel=\"canonical\" href=\"https:\/\/maison-proprietaires-chamrousse.com\/index.php\/maison-proprietaires-chamrousse\/la-biblio-du-proprio\/biblio-meuble-de-tourisme\/\" \/>\n<meta property=\"og:locale\" content=\"fr_FR\" \/>\n<meta property=\"og:type\" content=\"article\" \/>\n<meta property=\"og:title\" content=\"Meubl\u00e9 de tourisme - Maison des Propri\u00e9taires\" \/>\n<meta property=\"og:description\" content=\"Meubl\u00e9 de tourisme Les r\u00e9gimes d&rsquo;imposition du loueur\u00a0&#8211; Direction G\u00e9n\u00e9rale des Finances Publiques Livre Blanc &#8211; R\u00e9gime Fiscal Des Locations Meubl\u00e9es Usage Habitation&#8211; Editions Francis Lefebvre En vid\u00e9o : Loueur Meubl\u00e9 Non Professionnel : comment bien remplir le formulaire P0I ? &#8211; Tutoriel YouTube Classement et d\u00e9claration en mairie des meubl\u00e9s de tourisme &#8211; Code &hellip; Continuer la lecture de &laquo;&nbsp;Meubl\u00e9 de tourisme&nbsp;&raquo;\" \/>\n<meta property=\"og:url\" content=\"https:\/\/maison-proprietaires-chamrousse.com\/index.php\/maison-proprietaires-chamrousse\/la-biblio-du-proprio\/biblio-meuble-de-tourisme\/\" \/>\n<meta property=\"og:site_name\" content=\"Maison des Propri\u00e9taires\" \/>\n<meta property=\"article:modified_time\" content=\"2023-08-02T13:06:36+00:00\" \/>\n<meta name=\"twitter:card\" content=\"summary_large_image\" \/>\n<meta name=\"twitter:label1\" content=\"Dur\u00e9e de lecture estim\u00e9e\" \/>\n\t<meta name=\"twitter:data1\" content=\"1 minute\" \/>\n<script type=\"application\/ld+json\" class=\"yoast-schema-graph\">{\"@context\":\"https:\\\/\\\/schema.org\",\"@graph\":[{\"@type\":\"WebPage\",\"@id\":\"https:\\\/\\\/maison-proprietaires-chamrousse.com\\\/index.php\\\/maison-proprietaires-chamrousse\\\/la-biblio-du-proprio\\\/biblio-meuble-de-tourisme\\\/\",\"url\":\"https:\\\/\\\/maison-proprietaires-chamrousse.com\\\/index.php\\\/maison-proprietaires-chamrousse\\\/la-biblio-du-proprio\\\/biblio-meuble-de-tourisme\\\/\",\"name\":\"Meubl\u00e9 de tourisme - Maison des Propri\u00e9taires\",\"isPartOf\":{\"@id\":\"https:\\\/\\\/maison-proprietaires-chamrousse.com\\\/#website\"},\"datePublished\":\"2023-07-26T10:34:11+00:00\",\"dateModified\":\"2023-08-02T13:06:36+00:00\",\"breadcrumb\":{\"@id\":\"https:\\\/\\\/maison-proprietaires-chamrousse.com\\\/index.php\\\/maison-proprietaires-chamrousse\\\/la-biblio-du-proprio\\\/biblio-meuble-de-tourisme\\\/#breadcrumb\"},\"inLanguage\":\"fr-FR\",\"potentialAction\":[{\"@type\":\"ReadAction\",\"target\":[\"https:\\\/\\\/maison-proprietaires-chamrousse.com\\\/index.php\\\/maison-proprietaires-chamrousse\\\/la-biblio-du-proprio\\\/biblio-meuble-de-tourisme\\\/\"]}]},{\"@type\":\"BreadcrumbList\",\"@id\":\"https:\\\/\\\/maison-proprietaires-chamrousse.com\\\/index.php\\\/maison-proprietaires-chamrousse\\\/la-biblio-du-proprio\\\/biblio-meuble-de-tourisme\\\/#breadcrumb\",\"itemListElement\":[{\"@type\":\"ListItem\",\"position\":1,\"name\":\"Accueil\",\"item\":\"https:\\\/\\\/maison-proprietaires-chamrousse.com\\\/\"},{\"@type\":\"ListItem\",\"position\":2,\"name\":\"Maison des propri\u00e9taires\",\"item\":\"https:\\\/\\\/maison-proprietaires-chamrousse.com\\\/\"},{\"@type\":\"ListItem\",\"position\":3,\"name\":\"Biblio du proprio\",\"item\":\"https:\\\/\\\/maison-proprietaires-chamrousse.com\\\/index.php\\\/maison-proprietaires-chamrousse\\\/la-biblio-du-proprio\\\/\"},{\"@type\":\"ListItem\",\"position\":4,\"name\":\"Meubl\u00e9 de tourisme\"}]},{\"@type\":\"WebSite\",\"@id\":\"https:\\\/\\\/maison-proprietaires-chamrousse.com\\\/#website\",\"url\":\"https:\\\/\\\/maison-proprietaires-chamrousse.com\\\/\",\"name\":\"Maison des Propri\u00e9taires\",\"description\":\"Informations, conseils, actualit\u00e9s\",\"publisher\":{\"@id\":\"https:\\\/\\\/maison-proprietaires-chamrousse.com\\\/#organization\"},\"potentialAction\":[{\"@type\":\"SearchAction\",\"target\":{\"@type\":\"EntryPoint\",\"urlTemplate\":\"https:\\\/\\\/maison-proprietaires-chamrousse.com\\\/?s={search_term_string}\"},\"query-input\":{\"@type\":\"PropertyValueSpecification\",\"valueRequired\":true,\"valueName\":\"search_term_string\"}}],\"inLanguage\":\"fr-FR\"},{\"@type\":\"Organization\",\"@id\":\"https:\\\/\\\/maison-proprietaires-chamrousse.com\\\/#organization\",\"name\":\"Maison des Propri\u00e9taires\",\"url\":\"https:\\\/\\\/maison-proprietaires-chamrousse.com\\\/\",\"logo\":{\"@type\":\"ImageObject\",\"inLanguage\":\"fr-FR\",\"@id\":\"https:\\\/\\\/maison-proprietaires-chamrousse.com\\\/#\\\/schema\\\/logo\\\/image\\\/\",\"url\":\"https:\\\/\\\/maison-proprietaires-chamrousse.com\\\/wp-content\\\/uploads\\\/2023\\\/01\\\/cropped-LOGO_CHAMROUSSE_noir_web.png\",\"contentUrl\":\"https:\\\/\\\/maison-proprietaires-chamrousse.com\\\/wp-content\\\/uploads\\\/2023\\\/01\\\/cropped-LOGO_CHAMROUSSE_noir_web.png\",\"width\":1218,\"height\":250,\"caption\":\"Maison des Propri\u00e9taires\"},\"image\":{\"@id\":\"https:\\\/\\\/maison-proprietaires-chamrousse.com\\\/#\\\/schema\\\/logo\\\/image\\\/\"}}]}<\/script>\n<!-- \/ Yoast SEO plugin. -->","yoast_head_json":{"title":"Meubl\u00e9 de tourisme - Maison des Propri\u00e9taires","robots":{"index":"index","follow":"follow","max-snippet":"max-snippet:-1","max-image-preview":"max-image-preview:large","max-video-preview":"max-video-preview:-1"},"canonical":"https:\/\/maison-proprietaires-chamrousse.com\/index.php\/maison-proprietaires-chamrousse\/la-biblio-du-proprio\/biblio-meuble-de-tourisme\/","og_locale":"fr_FR","og_type":"article","og_title":"Meubl\u00e9 de tourisme - Maison des Propri\u00e9taires","og_description":"Meubl\u00e9 de tourisme Les r\u00e9gimes d&rsquo;imposition du loueur\u00a0&#8211; Direction G\u00e9n\u00e9rale des Finances Publiques Livre Blanc &#8211; R\u00e9gime Fiscal Des Locations Meubl\u00e9es Usage Habitation&#8211; Editions Francis Lefebvre En vid\u00e9o : Loueur Meubl\u00e9 Non Professionnel : comment bien remplir le formulaire P0I ? &#8211; Tutoriel YouTube Classement et d\u00e9claration en mairie des meubl\u00e9s de tourisme &#8211; Code &hellip; Continuer la lecture de &laquo;&nbsp;Meubl\u00e9 de tourisme&nbsp;&raquo;","og_url":"https:\/\/maison-proprietaires-chamrousse.com\/index.php\/maison-proprietaires-chamrousse\/la-biblio-du-proprio\/biblio-meuble-de-tourisme\/","og_site_name":"Maison des Propri\u00e9taires","article_modified_time":"2023-08-02T13:06:36+00:00","twitter_card":"summary_large_image","twitter_misc":{"Dur\u00e9e de lecture estim\u00e9e":"1 minute"},"schema":{"@context":"https:\/\/schema.org","@graph":[{"@type":"WebPage","@id":"https:\/\/maison-proprietaires-chamrousse.com\/index.php\/maison-proprietaires-chamrousse\/la-biblio-du-proprio\/biblio-meuble-de-tourisme\/","url":"https:\/\/maison-proprietaires-chamrousse.com\/index.php\/maison-proprietaires-chamrousse\/la-biblio-du-proprio\/biblio-meuble-de-tourisme\/","name":"Meubl\u00e9 de tourisme - Maison des Propri\u00e9taires","isPartOf":{"@id":"https:\/\/maison-proprietaires-chamrousse.com\/#website"},"datePublished":"2023-07-26T10:34:11+00:00","dateModified":"2023-08-02T13:06:36+00:00","breadcrumb":{"@id":"https:\/\/maison-proprietaires-chamrousse.com\/index.php\/maison-proprietaires-chamrousse\/la-biblio-du-proprio\/biblio-meuble-de-tourisme\/#breadcrumb"},"inLanguage":"fr-FR","potentialAction":[{"@type":"ReadAction","target":["https:\/\/maison-proprietaires-chamrousse.com\/index.php\/maison-proprietaires-chamrousse\/la-biblio-du-proprio\/biblio-meuble-de-tourisme\/"]}]},{"@type":"BreadcrumbList","@id":"https:\/\/maison-proprietaires-chamrousse.com\/index.php\/maison-proprietaires-chamrousse\/la-biblio-du-proprio\/biblio-meuble-de-tourisme\/#breadcrumb","itemListElement":[{"@type":"ListItem","position":1,"name":"Accueil","item":"https:\/\/maison-proprietaires-chamrousse.com\/"},{"@type":"ListItem","position":2,"name":"Maison des propri\u00e9taires","item":"https:\/\/maison-proprietaires-chamrousse.com\/"},{"@type":"ListItem","position":3,"name":"Biblio du proprio","item":"https:\/\/maison-proprietaires-chamrousse.com\/index.php\/maison-proprietaires-chamrousse\/la-biblio-du-proprio\/"},{"@type":"ListItem","position":4,"name":"Meubl\u00e9 de tourisme"}]},{"@type":"WebSite","@id":"https:\/\/maison-proprietaires-chamrousse.com\/#website","url":"https:\/\/maison-proprietaires-chamrousse.com\/","name":"Maison des Propri\u00e9taires","description":"Informations, conseils, actualit\u00e9s","publisher":{"@id":"https:\/\/maison-proprietaires-chamrousse.com\/#organization"},"potentialAction":[{"@type":"SearchAction","target":{"@type":"EntryPoint","urlTemplate":"https:\/\/maison-proprietaires-chamrousse.com\/?s={search_term_string}"},"query-input":{"@type":"PropertyValueSpecification","valueRequired":true,"valueName":"search_term_string"}}],"inLanguage":"fr-FR"},{"@type":"Organization","@id":"https:\/\/maison-proprietaires-chamrousse.com\/#organization","name":"Maison des Propri\u00e9taires","url":"https:\/\/maison-proprietaires-chamrousse.com\/","logo":{"@type":"ImageObject","inLanguage":"fr-FR","@id":"https:\/\/maison-proprietaires-chamrousse.com\/#\/schema\/logo\/image\/","url":"https:\/\/maison-proprietaires-chamrousse.com\/wp-content\/uploads\/2023\/01\/cropped-LOGO_CHAMROUSSE_noir_web.png","contentUrl":"https:\/\/maison-proprietaires-chamrousse.com\/wp-content\/uploads\/2023\/01\/cropped-LOGO_CHAMROUSSE_noir_web.png","width":1218,"height":250,"caption":"Maison des Propri\u00e9taires"},"image":{"@id":"https:\/\/maison-proprietaires-chamrousse.com\/#\/schema\/logo\/image\/"}}]}},"_links":{"self":[{"href":"https:\/\/maison-proprietaires-chamrousse.com\/index.php\/wp-json\/wp\/v2\/pages\/3910","targetHints":{"allow":["GET"]}}],"collection":[{"href":"https:\/\/maison-proprietaires-chamrousse.com\/index.php\/wp-json\/wp\/v2\/pages"}],"about":[{"href":"https:\/\/maison-proprietaires-chamrousse.com\/index.php\/wp-json\/wp\/v2\/types\/page"}],"author":[{"embeddable":true,"href":"https:\/\/maison-proprietaires-chamrousse.com\/index.php\/wp-json\/wp\/v2\/users\/1"}],"replies":[{"embeddable":true,"href":"https:\/\/maison-proprietaires-chamrousse.com\/index.php\/wp-json\/wp\/v2\/comments?post=3910"}],"version-history":[{"count":32,"href":"https:\/\/maison-proprietaires-chamrousse.com\/index.php\/wp-json\/wp\/v2\/pages\/3910\/revisions"}],"predecessor-version":[{"id":4771,"href":"https:\/\/maison-proprietaires-chamrousse.com\/index.php\/wp-json\/wp\/v2\/pages\/3910\/revisions\/4771"}],"up":[{"embeddable":true,"href":"https:\/\/maison-proprietaires-chamrousse.com\/index.php\/wp-json\/wp\/v2\/pages\/729"}],"wp:attachment":[{"href":"https:\/\/maison-proprietaires-chamrousse.com\/index.php\/wp-json\/wp\/v2\/media?parent=3910"}],"curies":[{"name":"wp","href":"https:\/\/api.w.org\/{rel}","templated":true}]}}